{"id":177,"date":"2018-08-30T11:20:07","date_gmt":"2018-08-30T14:20:07","guid":{"rendered":"http:\/\/www.aquatrosolucoes.com\/?page_id=177"},"modified":"2019-02-07T15:34:49","modified_gmt":"2019-02-07T17:34:49","slug":"servicos","status":"publish","type":"page","link":"https:\/\/www.aquatrosolucoes.com\/index.php\/servicos\/","title":{"rendered":"SERVI\u00c7OS"},"content":{"rendered":"<p><section class=\"kc-elm kc-css-225902 kc_row\"><div class=\"kc-row-container  kc-container\"><div class=\"kc-wrap-columns\"><div class=\"kc-elm kc-css-952694 kc_col-sm-12 kc_column kc_col-sm-12\"><div class=\"kc-col-container\">\n<div class=\"kc-elm kc-css-222631 kc-title-wrap \">\n\n\t<h2 class=\"kc_title\">Nosso Trabalho<\/h2>\n<\/div>\n<div class=\"kc-elm kc-css-950029 kc_text_block\"><\/p>\n<p><strong>Voc\u00ea j\u00e1 elaborou todo o planejamento do seu evento?<\/strong><br \/>\n<strong>J\u00e1 planejou a publicidade?<\/strong><br \/>\n<strong>J\u00e1 colocou os ingressos \u00e0 venda?<\/strong><br \/>\n<strong>Ent\u00e3o isso significa que o evento ir\u00e1 acontecer!!!<\/strong><\/p>\n<p>O que falta agora \u00e9 cuidar dos tr\u00e2mites legais do evento, os\u00a0alvar\u00e1s e documenta\u00e7\u00f5es pertinentes. \u00c9 imprescind\u00edvel cumprir<br \/>\ntodas as exig\u00eancias legais que permitam evitar e minimizar os\u00a0riscos que um evento est\u00e1 exposto, bem como estar amparado legalmente quanto\u00a0a fatos inesperados venham acontecer.<\/p>\n<p>Trazemos mais alguns servi\u00e7os importantes, que temos grande experi\u00eancia, para\u00a0assim auxiliar e abrilhantar ainda mais o resultado deste ardo trabalho que \u00e9\u00a0organizar um evento.<\/p>\n<p>Atuamos em todo territ\u00f3rio brasileiro, com sede na cidade de Curitiba e dispondo\u00a0de uma equipe altamente qualificada para solucionar contratempos, sem poupar\u00a0esfor\u00e7os, com total qualidade no cumprimento do seu trabalho.<\/p>\n<p>\n<\/div><\/div><\/div><\/div><\/div><\/section><section class=\"kc-elm kc-css-369634 kc_row\"><div class=\"kc-row-container  kc-container\"><div class=\"kc-wrap-columns\"><div class=\"kc-elm kc-css-682090 kc_col-sm-12 kc_column kc_col-sm-12\"><div class=\"kc-col-container\"><div class=\"kc-elm kc-css-933417\" style=\"height: 60px; clear: both; width:100%;\"><\/div><\/div><\/div><\/div><\/div><\/section><section class=\"kc-elm kc-css-198867 kc_row\"><div class=\"kc-row-container  kc-container\"><div class=\"kc-wrap-columns\"><div class=\"kc-elm kc-css-235750 kc_col-sm-4 kc_column kc_col-sm-4\"><div class=\"kc-col-container\"><div class=\"kc-elm kc-css-496083 kc_shortcode kc_single_image\">\n\n        <img decoding=\"async\" src=\"https:\/\/www.aquatrosolucoes.com\/wp-content\/uploads\/a4solucoes-servicos-documentacao.jpg\" class=\"\" alt=\"\" \/>    <\/div>\n\n<div class=\"kc-elm kc-css-313255 kc-title-wrap \">\n\n\t<h4 class=\"kc_title\">DOCUMENTA\u00c7\u00c3O<\/h4>\n<\/div>\n<div class=\"kc-elm kc-css-853027 kc_text_block\"><\/p>\n<ul>\n<li>Alvar\u00e1 Tempor\u00e1rio \u2013 Emitido pela Prefeitura do Munic\u00edpio aonde acontecer\u00e1 o Evento.<\/li>\n<li>Anota\u00e7\u00e3o de Responsabilidade T\u00e9cnica \u2013 ART de Estruturas e Equipamentos<\/li>\n<li>Licen\u00e7a \u2013 Policia Militar, Policia Civil, Guarda Municipal, Tr\u00e2nsito, Sinaliza\u00e7\u00e3o de Vias<br \/>\nP\u00fablicas.<\/li>\n<li>Vara da Inf\u00e2ncia e Juventude \u2013 Alvar\u00e1 para entrada e Perman\u00eancia de Menores de Idade.<\/li>\n<li>Vigil\u00e2ncia Sanit\u00e1ria \u2013 Licen\u00e7a para Funcionamento.<\/li>\n<li>Meio Ambiente \u2013 Licen\u00e7a para Funcionamento.<\/li>\n<li>Imposto Sobre Servi\u00e7os de qualquer natureza \u2013 ISS estimativa, entrada, recolhimento e<br \/>\nregulariza\u00e7\u00e3o.<\/li>\n<li>Escrit\u00f3rio Central de Arrecada\u00e7\u00e3o e Distribui\u00e7\u00e3o \u2013 ECAD entrada, Acompanhamento e<br \/>\nRegulariza\u00e7\u00e3o da Execu\u00e7\u00e3o de M\u00fasicas.<\/li>\n<li>Projeto de Preven\u00e7\u00e3o Contra Inc\u00eandio e P\u00e2nico \u2013 PPCIP Elabora\u00e7\u00e3o de Projeto, Sinaliza\u00e7\u00e3o<br \/>\nde Equipamentos para Combate a Inc\u00eandio e Rotas de Fuga.<\/li>\n<li>Auto de Vistoria do Corpo de Bombeiros \u2013 AVCB Emitido pelo Corpo de Bombeiros Local,<br \/>\nautorizando a realiza\u00e7\u00e3o do Evento.<\/li>\n<\/ul>\n<p>\n<\/div><\/div><\/div><div class=\"kc-elm kc-css-603074 kc_col-sm-4 kc_column kc_col-sm-4\"><div class=\"kc-col-container\"><div class=\"kc-elm kc-css-954767 kc_shortcode kc_single_image\">\n\n        <img decoding=\"async\" src=\"https:\/\/www.aquatrosolucoes.com\/wp-content\/uploads\/a4solucoes-servicos-assessoria.jpg\" class=\"\" alt=\"\" \/>    <\/div>\n\n<div class=\"kc-elm kc-css-348431 kc-title-wrap \">\n\n\t<h4 class=\"kc_title\">PREVEN\u00c7\u00c3O<\/h4>\n<\/div>\n<div class=\"kc-elm kc-css-43016 kc_text_block\"><\/p>\n<ul>\n<li>Brigada de Emerg\u00eancia \u2013 Bombeiro Profissional e Brigadistas:\n<ul>\n<li>Atuar e desenvolver uma consci\u00eancia preventiva no local do trabalho.<\/li>\n<li>Identificar os riscos de acidentes.<\/li>\n<li>Coordenar a Evacua\u00e7\u00e3o das pessoas que ocupam o local de trabalho em caso<br \/>\nde emerg\u00eancia.<\/li>\n<\/ul>\n<\/li>\n<li>Loca\u00e7\u00e3o de Extintores \u2013 Instala\u00e7\u00e3o dos equipamentos de preven\u00e7\u00e3o contra<br \/>\ninc\u00eandio, incluso sinaliza\u00e7\u00e3o e suporte dos mesmos.<\/li>\n<li>Sinaliza\u00e7\u00e3o de Emerg\u00eancia \u2013 Lumin\u00e1ria de Emerg\u00eancia, placas indicativas de<br \/>\nrota de fuga.<\/li>\n<\/ul>\n<p>\n<\/div><\/div><\/div><div class=\"kc-elm kc-css-310182 kc_col-sm-4 kc_column kc_col-sm-4\"><div class=\"kc-col-container\"><div class=\"kc-elm kc-css-253812 kc_shortcode kc_single_image\">\n\n        <img decoding=\"async\" src=\"https:\/\/www.aquatrosolucoes.com\/wp-content\/uploads\/aquatrosolucoes-carregadores2.jpg\" class=\"\" alt=\"\" \/>    <\/div>\n\n<div class=\"kc-elm kc-css-594443 kc-title-wrap \">\n\n\t<h4 class=\"kc_title\">CARREGADORES<\/h4>\n<\/div>\n<div class=\"kc-elm kc-css-828954 kc_text_block\"><\/p>\n<p>Auxiliamos a montagem e desmontagem\u00a0de eventos, com nossa m\u00e3o de obra,\u00a0atendemos as necessidades di\u00e1rias que\u00a0um evento demanda, assim agilizando e\u00a0otimizando o tempo desprendido na\u00a0parte bruta dos trabalhos.<\/p>\n<p>\n<\/div><\/div><\/div><\/div><\/div><\/section><\/p>\n","protected":false},"excerpt":{"rendered":"","protected":false},"author":1,"featured_media":0,"parent":0,"menu_order":3,"comment_status":"closed","ping_status":"closed","template":"","meta":{"footnotes":""},"class_list":["post-177","page","type-page","status-publish","hentry"],"_links":{"self":[{"href":"https:\/\/www.aquatrosolucoes.com\/index.php\/wp-json\/wp\/v2\/pages\/177","targetHints":{"allow":["GET"]}}],"collection":[{"href":"https:\/\/www.aquatrosolucoes.com\/index.php\/wp-json\/wp\/v2\/pages"}],"about":[{"href":"https:\/\/www.aquatrosolucoes.com\/index.php\/wp-json\/wp\/v2\/types\/page"}],"author":[{"embeddable":true,"href":"https:\/\/www.aquatrosolucoes.com\/index.php\/wp-json\/wp\/v2\/users\/1"}],"replies":[{"embeddable":true,"href":"https:\/\/www.aquatrosolucoes.com\/index.php\/wp-json\/wp\/v2\/comments?post=177"}],"version-history":[{"count":34,"href":"https:\/\/www.aquatrosolucoes.com\/index.php\/wp-json\/wp\/v2\/pages\/177\/revisions"}],"predecessor-version":[{"id":378,"href":"https:\/\/www.aquatrosolucoes.com\/index.php\/wp-json\/wp\/v2\/pages\/177\/revisions\/378"}],"wp:attachment":[{"href":"https:\/\/www.aquatrosolucoes.com\/index.php\/wp-json\/wp\/v2\/media?parent=177"}],"curies":[{"name":"wp","href":"https:\/\/api.w.org\/{rel}","templated":true}]}}